11?
-128770
What is 1399639 (base 12) in base 9?
7357520
Convert 115351 (base 7) to base 9.
31851
5aa513 (base 13) to base 3
11001222200201
Convert 10102022200102 (base 3) to base 15.
25d645
What is -178437 (base 14) in base 3?
-1120010220000
Convert -395837 (base 10) to base 12.
-1710a5
2111044043 (base 5) to base 8
20605260
-20131002133 (base 4) to base 14
-419887
Convert -10820 (base 16) to base 12.
-33168
What is -1100000110101011011 (base 2) in base 3?
-202011002012
Convert -120112302 (base 4) to base 6.
-2045510
What is -6027c (base 16) in base 10?
-393852
What is -b6663 (base 14) in base 6?
-13234235
What is 1145563 (base 10) in base 15?
17965d
What is 34554033 (base 6) in base 3?
2000111102210
Convert -156748 (base 9) to base 7.
-552221
761647 (base 8) to base 6
5244011
Convert 22022100112110 (base 3) to base 16.
4361c7
Convert -4bce (base 16) to base 10.
-19406
Convert 3416a72 (base 12) to base 9.
20710075
31985 (base 15) to base 6
3212412
288540 (base 12) to base 6
22311320
What is 1202858 (base 10) in base 11?
7517a8
1a4a9 (base 16) to base 15
21d94
437494 (base 16) to base 5
2112431011
What is -41068 (base 14) in base 7?
-1221161
-21002332 (base 4) to base 7
-213013
Convert -20211022020 (base 3) to base 16.
-20cd6
Convert -94920 (base 11) to base 15.
-2ae39
Convert -1354216 (base 10) to base 14.
-27373a
-121210221 (base 4) to base 6
-2124533
What is 1100000010001011111101 (base 2) in base 16?
3022fd
What is -248006 (base 9) in base 16?
-24aa4
What is -134378 (base 11) in base 10?
-210746
What is -1443424 (base 6) in base 4?
-110130220
62163 (base 14) to base 5
30030032
-105402034 (base 6) to base 16
-1dab86
What is -57536 (base 9) in base 8?
-112712
10335011 (base 8) to base 4
20123220021
-79a75 (base 13) to base 5
-24041421
What is -46551 (base 10) in base 16?
-b5d7
-15bb30 (base 14) to base 13
-208c75
What is 90a49 (base 12) in base 5?
22004441
111223222311 (base 4) to base 7
66212055
Convert -5310233 (base 6) to base 16.
-3efcd
Convert -3033221222 (base 4) to base 9.
-1535642
-48a739 (base 15) to base 5
-1342243004
1493601 (base 11) to base 14
4a619c
Convert -1371157 (base 8) to base 7.
-3212164
Convert 37043 (base 9) to base 3.
1021001110
What is -341402 (base 8) in base 15?
-24323
3428137 (base 10) to base 8
15047451
What is -673147 (base 10) in base 2?
-10100100010101111011
Convert 102bb (base 13) to base 3.
1110212001
1f3ed (base 16) to base 14
348d7
What is 822303 (base 12) in base 15?
2a33e9
Convert -40714a0 (base 11) to base 10.
-7190656
What is -3533552 (base 6) in base 14?
-4aca0
1a29534 (base 11) to base 2
1101000011111011100110
Convert 771431 (base 8) to base 5.
31240331
What is -11318 (base 14) in base 7?
-232531
What is -68c9a6 (base 15) in base 8?
-23055233
Convert -22205a (base 11) to base 16.
-5673f
37a7e (base 15) to base 8
533315
-66a8a6 (base 12) to base 13
-453837
What is ce30 (base 16) in base 14?
15344
Convert 1000010010011011010111101 (base 2) to base 13.
37a7361
Convert 10223330313 (base 5) to base 2.
101001000011010001110101
Convert -2234460 (base 7) to base 13.
-99546
-1a1fb (base 16) to base 6
-2143215
Convert -2333020 (base 5) to base 8.
-123605
What is -1302131422 (base 5) in base 9?
-5847663
What is 265013 (base 13) in base 4?
3201310121
Convert -97943a (base 11) to base 15.
-20d81c
Convert -512415 (base 7) to base 14.
-23b7c
-2224342102 (base 5) to base 7
-56543236
What is 10111111000111110111 (base 2) in base 4?
2333013313
-319419 (base 12) to base 15
-1071a6
What is -1128853 (base 9) in base 10?
-610140
Convert 11675310 (base 8) to base 10.
2587336
What is -100001011001001000 (base 2) in base 12?
-671a0
What is -117822 (base 10) in base 7?
-1000335
What is 52433445 (base 8) in base 7?
163550362
Convert -19cb56 (base 13) to base 14.
-131428
19b36a (base 13) to base 11
406761
What is -201231301 (base 4) in base 15?
-2adb7
What is -1102121321 (base 4) in base 6?
-11122345
What is -1051e (base 15) in base 9?
-78022
What is -14205540 (base 8) in base 12?
-10b0080
What is -16931a (base 11) in base 14?
-6b2d6
-231202233222 (base 4) to base 7
-203322660
What is -23363a (base 13) in base 7?
-10051044
3213002231 (base 4) to base 2
11100111000010101101
-10779c (base 13) to base 7
-3204102
-211222111021 (base 3) to base 7
-3562525
Convert 1514064 (base 8) to base 10.
432180
4187008 (base 11) to base 7
116450544
2731905 (base 10) to base 13
748617
Convert c42381 (base 15) to base 13.
1c153cc
Convert -dadbe (base 16) to base 4.
-3122312332
Convert -4fb70 (base 16) to base 10.
-326512
-22212323 (base 5) to base 16
-2f899
What is 3ca82 (base 15) in base 8?
574273
What is -34320025 (base 6) in base 12?
-429015
Convert c1d6e1 (base 16) to base 13.
282a250
20321001002 (base 4) to base 11
135209a
-93c9ed (base 16) to base 6
-543332113
What is 10213311321 (base 4) in base 9?
2246210
What is 623644 (base 7) in base 3?
12102202221
What is 501da4 (base 14) in base 10?
2694556
Convert 122220 (base 9) to base 5.
4330214
What is 12120121020201 (base 3) in base 6?
143311331
What is 443312114 (base 5) in base 6?
105225103
401104 (base 8) to base 10
131652
What is -240513113 (base 6) in base 15?
-5e4330
Convert 211011201211 (base 3) to base 10.
436477
What is a28730 (base 11) in base 3?
10002220012000
-524784 (base 9) to base 12
-13061a
Convert -2553766 (base 12) to base 14.
-d89bd4
What is 201022010221 (base 3) in base 15?
7787a
What is 13339191 (base 10) in base 2?
110010111000101000110111
Convert 4505b6 (base 15) to base 8.
14435421
Convert -102011010112 (base 3) to base 7.
-1603004
Convert 45114152 (base 6) to base 3.
2120020201112
-24441110 (base 5) to base 2
-111001000110110001
What is -138a65 (base 13) in base 2?
-1110100010010100101
Convert -676456 (base 11) to base 13.
-2b9491
What is -13bc61 (base 14) in base 12?
-290991
Convert -76187 (base 15) to base 11.
-2367a9
Convert c741a (base 13) to base 3.
200020012021
Convert 1d1365 (base 14) to base 13.
2a5893
Convert 539447 (base 11) to base 12.
3567b8
What is 13564742 (base 8) in base 6?
145521534
What is -356a216 (base 12) in base 2?
-100111011101011010110010
Convert -1332002123 (base 5) to base 4.
-30323313001
-22344123 (base 5) to base 4
-300303221
Convert -42055542 (base 6) to base 11.
-764249
Convert 10101011101101110 (base 2) to base 6.
1515010
Convert -14426a9 (base 11) to base 15.
-33e291
What is -39440 (base 13) in base 8?
-317310
What is -706663 (base 9) in base 6?
-12544220
What is -c0cc1 (base 13) in base 6?
-11220501
-11211221121 (base 3) to base 5
-11023321
-ac6579 (base 13) to base 11
-232a769
Convert -1112245 (base 8) to base 5.
-34101242
What is 695da (base 16) in base 11?
275284
What is 10602214 (base 8) in base 11?
1328235
Convert 102301111 (base 4) to base 9.
126417
What is -1233103 (base 5) in base 8?
-57131
What is -c890a2 (base 14) in base 10?
-6786054
Convert 3a2752 (base 12) to base 10.
958382
Convert 5cabb (base 14) to base 16.
3773d
Convert db51c (base 15) to base 7.
5630220
What is -41133 (base 11) in base 3?
-10001101011
1010550 (base 6) to base 7
260262
Convert 112000020201001 (base 3) to base 8.
34315106
What is 342453105 (base 6) in base 11?
36069a3
What is -20346661 (base 7) in base 14?
-326dd8
Convert 143a6b2 (base 12) to base 2.
1111011111101001100110
What is 3ba52 (base 13) in base 3?
12200002121
-300303 (base 4) to base 3
-11021200
-3a046 (base 12) to base 8
-233266
Convert -311110111131 (base 4) to base 14.
-1bdb8bb
What is -26a675a (base 13) in base 11?
-69700a4
Convert -4850138 (base 9) to base 13.
-711767
Convert -6683c1 (base 15) to base 9.
-10168781
-1002112211110 (base 3) to base 7
-4641453
What is -73008 (base 11) in base 6?
-2141000
Convert 1028291 (base 10) to base 6.
34012335
What is 1100100202021 (base 3) in base 11?
449793
Convert -1322234334 (base 5) to base 9.
-6221763
Convert -4649d6 (base 15) to base 16.
-333930
What is 15541145 (base 6) in base 10?
557561
Convert -10210202222 (base 3) to base 13.
-28145
124b9a (base 14) to base 16
994d4
12000200012212 (base 3) to base 5
1140423420
-1795625 (base 11) to base 8
-13455617
What is -27721 (base 9) in base 2?
-100100101111011
What is -8164a (base 13) in base 2?
-111000100101010001
-560112 (base 8) to base 2
-101110000001001010
Convert 2322130131 (base 5) to base 9.
